e
Does 4 divide 36?
True
Does 8 divide 439?
False
Does 49 divide 1786?
False
Is 17986 a multiple of 17?
True
Is 10 a factor of 45229?
False
Is 9 a factor of 4448?
False
Does 74 divide 3468?
False
Does 203 divide 80535?
False
Does 153 divide 13464?
True
Is 4 a factor of 4024?
True
Does 13 divide 110474?
True
Is 19 a factor of 209?
True
Is 6976 a multiple of 19?
False
Is 14 a factor of 7223?
False
Does 29 divide 23018?
False
Is 6120 a multiple of 72?
True
Is 283 even?
False
Is 1258 a multiple of 34?
True
Is 16 a factor of 640?
True
Is 79 a factor of 2291?
True
Does 62 divide 1612?
True
Is 24415 a multiple of 95?
True
Does 121 divide 6292?
True
Does 13 divide 1089?
False
Is 58 a factor of 5858?
True
Does 27 divide 3187?
False
Is 37 a factor of 1702?
True
Is 102 a multiple of 8?
False
Is 445 a multiple of 9?
False
Is 5469 a multiple of 8?
False
Does 35 divide 455?
True
Does 27 divide 1221?
False
Is 58 a factor of 7097?
False
Is 16145 a multiple of 169?
False
Is 33 a factor of 6468?
True
Is 21 a factor of 19887?
True
Is 8 a factor of 7000?
True
Does 21 divide 5775?
True
Is 6103 a multiple of 139?
False
Is 12275 a multiple of 13?
False
Is 3 a factor of 4716?
True
Is 3978 a multiple of 78?
True
Is 39195 a multiple of 47?
False
Does 14 divide 1750?
True
Is 9183 a multiple of 243?
False
Is 50 a factor of 249?
False
Is 50 a factor of 2103?
False
Is 7 a factor of 11126?
False
Is 15 a factor of 805?
False
Is 108 a multiple of 7?
False
Does 13 divide 39685?
False
Is 103 even?
False
Does 64 divide 14100?
False
Does 67 divide 1752?
False
Is 2265 a multiple of 151?
True
Is 3391 a multiple of 10?
False
Does 33 divide 18084?
True
Is 117 a factor of 6669?
True
Does 23 divide 2139?
True
Does 26 divide 16286?
False
Does 4 divide 140?
True
Is 9 a factor of 108?
True
Does 9 divide 208?
False
Does 37 divide 518?
True
Does 29 divide 12470?
True
Is 4 a multiple of 2?
True
Does 14 divide 3309?
False
Is 14 a factor of 14755?
False
Does 10 divide 640?
True
Is 118 a multiple of 39?
False
Is 18 a factor of 2650?
False
Is 4408 a multiple of 7?
False
Does 81 divide 1378?
False
Is 44 a factor of 3094?
False
Is 253 a multiple of 58?
False
Is 9 a factor of 308?
False
Is 16 a factor of 16?
True
Does 4 divide 920?
True
Is 957 a multiple of 5?
False
Is 44 a factor of 533?
False
Does 26 divide 4023?
False
Is 2085 even?
False
Is 5 a factor of 200?
True
Is 133 a multiple of 7?
True
Is 66709 a multiple of 121?
False
Does 74 divide 219?
False
Is 34 a factor of 4046?
True
Is 6355 a multiple of 7?
False
Is 81 a multiple of 2?
False
Is 82 a multiple of 25?
False
Is 21780 a multiple of 180?
True
Is 4480 a multiple of 28?
True
Is 20 a factor of 7660?
True
Is 7 a factor of 210?
True
Is 9 a factor of 3141?
True
Is 2 a factor of 53?
False
Is 1694 a multiple of 14?
True
Does 194 divide 20564?
True
Is 18 a factor of 37909?
False
Does 219 divide 4599?
True
Is 30 a factor of 288?
False
Is 23 a factor of 1541?
True
Is 6860 a multiple of 10?
True
Is 2353 a multiple of 8?
False
Is 52 a factor of 2756?
True
Does 17 divide 8432?
True
Is 48 a factor of 286?
False
Does 47 divide 2904?
False
Is 6356 a multiple of 29?
False
Is 6675 a multiple of 37?
False
Is 475 a multiple of 7?
False
Does 198 divide 12474?
True
Does 115 divide 648?
False
Is 241 even?
False
Is 42 even?
True
Does 20 divide 5740?
True
Is 65129 a multiple of 14?
False
Is 13 a factor of 3380?
True
Does 61 divide 24643?
False
Does 16 divide 24704?
True
Does 11 divide 2509?
False
Is 10621 a multiple of 37?
False
Does 22 divide 161?
False
Is 111731 a multiple of 12?
False
Is 24 a factor of 1752?
True
Does 7 divide 1413?
False
Is 19047 a multiple of 33?
False
Does 42 divide 31164?
True
Is 25 a factor of 32739?
False
Is 122 a factor of 972?
False
Is 12452 even?
True
Is 212 a multiple of 2?
True
Is 48 a factor of 3552?
True
Does 158 divide 8343?
False
Does 80 divide 12441?
False
Does 11 divide 1361?
False
Does 21 divide 11151?
True
Is 3360 a multiple of 60?
True
Is 4704 a multiple of 16?
True
Does 35 divide 380?
False
Is 1959 a multiple of 7?
False
Is 11 a factor of 1188?
True
Is 1966 a multiple of 3?
False
Does 7 divide 3409?
True
Is 13 a factor of 5928?
True
Is 157 a factor of 32599?
False
Is 133 a factor of 147727?
False
Does 33 divide 107?
False
Is 4 a factor of 34220?
True
Is 125 a factor of 1750?
True
Does 5 divide 2115?
True
Is 316 a multiple of 22?
False
Is 34908 a multiple of 53?
False
Is 14 a factor of 62027?
False
Is 23 a factor of 874?
True
Does 58 divide 4930?
True
Is 1017 a multiple of 9?
True
Does 13 divide 1703?
True
Is 13 a factor of 1963?
True
Does 122 divide 938?
False
Does 17 divide 2989?
False
Does 10 divide 1490?
True
Does 14 divide 4228?
True
Is 160 a multiple of 4?
True
Is 10203 a multiple of 19?
True
Is 142 a factor of 5723?
False
Is 11009 a multiple of 24?
False
Is 18656 a multiple of 32?
True
Is 7 a factor of 371?
True
Does 47 divide 20210?
True
Is 19 a factor of 2689?
False
Is 2 a factor of 438?
True
Does 59 divide 1313?
False
Does 14 divide 16058?
True
Does 82 divide 3379?
False
Is 3150 a multiple of 225?
True
Is 16 a factor of 452?
False
Does 35 divide 2485?
True
Is 5968 a multiple of 32?
False
Is 2035 a multiple of 5?
True
Does 20 divide 3720?
True
Is 3360 a multiple of 12?
True
Is 8 a factor of 4231?
False
Does 16 divide 48128?
True
Is 5548 a multiple of 73?
True
Is 132 a factor of 17206?
False
Does 8 divide 168?
True
Is 18 a factor of 2088?
True
Does 194 divide 31622?
True
Does 25 divide 1535?
False
Does 244 divide 100528?
True
Does 6 divide 26?
False
Is 74 a factor of 15836?
True
Does 69 divide 1035?
True
Is 2 a factor of 8?
True
Is 30 a factor of 257?
False
Does 32 divide 15823?
False
Is 182 a multiple of 26?
True
Is 24 a factor of 792?
True
Is 5968 a multiple of 4?
True
Does 205 divide 58630?
True
Is 7 a factor of 348?
False
Does 25 divide 198?
False
Is 52432 a multiple of 16?
True
Is 7041 a multiple of 93?
False
Does 4 divide 4852?
True
Is 4 a factor of 960?
True
Does 17 divide 4364?
False
Does 10 divide 410?
True
Does 43 divide 408?
False
Does 70 divide 6090?
True
Is 480 a multiple of 9?
False
Is 303 a multiple of 48?
False
Does 44 divide 324?
False
Is 702 a multiple of 39?
True
Does 35 divide 439?
False
Does 5 divide 18115?
True
Is 1899 a multiple of 138?
False
Does 22 divide 1606?
True
Does 42 divide 815?
False
Is 708 a multiple of 2?
True
Is 107 a multiple of 4?
False
Is 26 a factor of 30368?
True
Does 19 divide 303?
False
Is 342 a multiple of 6?
True
Is 2526 a multiple of 6?
True
Does 178 divide 11926?
True
Is 33 a factor of 5247?
True
Does 6 divide 2958?
True
Is 5550 a multiple of 95?
False
Is 1495 a multiple of 23?
True
Is 60 a factor of 540?
True
Does 45 divide 225?
True
Is 598 a multiple of 26?
True
Is 1007 a multiple of 19?
True
Is 211 a multiple of 38?
False
Is 7 a factor of 595?
True
Does 11 divide 682?
True
Is 48009 a multiple of 21?
False
Is 26460 a multiple of 140?
True
Is 80 a factor of 1707?
False
Is 376 a multiple of 7?
False
Is 948 a multiple of 89?
False
Is 1003 a multiple of 59?
True
Is 9 a factor of 462?
False
Does 14 divide 2898?
True
Is 8190 a multiple of 117?
True
Is 85 a multiple of 15?
False
Is 210 a multiple of 30?
True
Is 9 a factor of 4788?
True
Is 24 a factor of 4484?
False
Is 72 a factor of 4300?
False
Is 23 a factor of 109411?
True
Is 4322 a multiple of 3?
False
Is 323 a multiple of 76?
False
Is 2208 a multiple of 32?
True
Is 56 a factor of 52912?
False
Is 33 a factor of 1254?
True
Is 38 a factor of 11742?
True
Is 2 a factor of 3094?
True
Does 52 divide 52?
True
Does 124 divide 6038?
False
Is 32 a factor of 48758?
False
Does 49 divide 5742?
False
Is 95 a factor of 1045?
True
Is 93 a factor of 56741?
False
Is 116 a factor of 151?
False
Is 14575 a multiple of 53?
True
Does 13 divide 3121?
False
Is 18480 a multiple of 44?
True
Does 5 divide 61?
False
Does 39 divide 975?
True
Does 27 divide 1593?
True
Does 21 divide 718?
False
Does 3 divide 26?
False
Is 39 a factor of 6033?
False
Is 205 a factor of 27675?
True
Is 3 a factor of 39?
True
Is 155 a multiple of 17?
False
Is 2604 a multiple of 3?
True
Is 16677 a multiple of 51?
True
Is 7 a factor of 308?
True
Does 5 divide 185?
True
Is 17 a factor of 3383?
True
Is 68 a factor of 1253?
False
Does 20 divide 889?
False
Is 52 a factor of 51